e
Is 15076951 composite?
False
Is 49071677 a prime number?
True
Is 139147 prime?
False
Is 26111185 composite?
True
Is 113479 a composite number?
True
Is 4430411 prime?
True
Is 16360961 a prime number?
True
Is 13213961 a composite number?
True
Is 154933099 prime?
True
Is 13143059 prime?
True
Is 9184411 a composite number?
True
Is 5846719 composite?
True
Is 1688899 a prime number?
False
Is 69142289 a composite number?
False
Is 7188089 composite?
True
Is 24120631 composite?
True
Is 8990777 a composite number?
False
Is 164604401 prime?
False
Is 420943295 prime?
False
Is 80171101 composite?
False
Is 297359 prime?
True
Is 36191 composite?
False
Is 20996531 a prime number?
True
Is 678923 composite?
True
Is 8783651 prime?
False
Is 2739361 composite?
True
Is 1334451 composite?
True
Is 1091747 prime?
False
Is 6720719 prime?
True
Is 8887861 composite?
False
Is 60539 a composite number?
False
Is 1854737 prime?
False
Is 794761 composite?
True
Is 6304343 prime?
True
Is 683 a prime number?
True
Is 79448281 a prime number?
False
Is 2484941 prime?
False
Is 11349727 a composite number?
True
Is 12235703 a composite number?
False
Is 34710749 prime?
False
Is 2810471 a prime number?
True
Is 756809 composite?
True
Is 494635 a prime number?
False
Is 53954434 a prime number?
False
Is 20382587 composite?
False
Is 9215639 prime?
True
Is 347027 prime?
False
Is 55883681 composite?
True
Is 17892151 composite?
False
Is 1438609 prime?
True
Is 105991409 prime?
True
Is 7183799 composite?
True
Is 164669951 composite?
False
Is 5761711 composite?
True
Is 584957 composite?
True
Is 7193741 a prime number?
False
Is 31929637 composite?
True
Is 434995703 prime?
False
Is 149578397 composite?
False
Is 81381793 a prime number?
False
Is 598637 composite?
True
Is 2796583 a prime number?
True
Is 16338851 composite?
False
Is 361713371 composite?
True
Is 747957791 a composite number?
True
Is 35178971 a composite number?
True
Is 10765313 a composite number?
True
Is 19161163 a composite number?
True
Is 87030277 a prime number?
False
Is 136522259 composite?
False
Is 5709149 a prime number?
True
Is 48419309 a prime number?
True
Is 79330799 prime?
True
Is 5294671 prime?
True
Is 633520721 a prime number?
True
Is 133862279 composite?
False
Is 31952651 prime?
False
Is 2212781 a composite number?
False
Is 921157 a composite number?
False
Is 2753567 prime?
True
Is 23986477 a prime number?
True
Is 1422779727 composite?
True
Is 34450519 a composite number?
True
Is 253235 a composite number?
True
Is 46045999 a prime number?
False
Is 2073569 prime?
False
Is 698591 prime?
True
Is 3665801 a prime number?
False
Is 99637609 composite?
False
Is 29260037 a prime number?
True
Is 386957243 prime?
True
Is 36501107 prime?
True
Is 1883603 composite?
True
Is 455171 a prime number?
True
Is 6043351 a prime number?
True
Is 26920871 a prime number?
True
Is 448333 prime?
False
Is 9193901 composite?
False
Is 3890149 composite?
False
Is 84389761 prime?
True
Is 1699391 prime?
True
Is 26544521 prime?
True
Is 140297317 composite?
False
Is 158573203 a composite number?
False
Is 613549 composite?
False
Is 15500401 a composite number?
True
Is 15317033 composite?
False
Is 30594533 a prime number?
True
Is 374064461 a prime number?
True
Is 364984223 a prime number?
False
Is 20846039 composite?
False
Is 397405 prime?
False
Is 4652507 prime?
True
Is 391233371 a composite number?
True
Is 44535941 prime?
True
Is 2043703 composite?
False
Is 1215182581 composite?
False
Is 80948027 a composite number?
False
Is 14340503 a composite number?
True
Is 34268279 prime?
True
Is 38245885 a prime number?
False
Is 33950597 a composite number?
True
Is 13584215 a prime number?
False
Is 182631971 a prime number?
False
Is 7989143 composite?
False
Is 60056263 prime?
True
Is 6960583 a composite number?
True
Is 8373217 prime?
True
Is 78352037 composite?
False
Is 15824563 composite?
False
Is 49902199 composite?
False
Is 6565033 a prime number?
False
Is 2511539 composite?
True
Is 1690391 composite?
True
Is 177321923 a prime number?
False
Is 10390429 prime?
False
Is 1000888307 prime?
True
Is 300317 composite?
False
Is 1133959 prime?
True
Is 9683099 prime?
True
Is 128836519 composite?
True
Is 33230999 a prime number?
False
Is 11584687 a prime number?
False
Is 18330569 composite?
False
Is 1854557 composite?
True
Is 815123 composite?
False
Is 50520941 a prime number?
False
Is 21904081 prime?
True
Is 122476363 composite?
False
Is 5685601 prime?
True
Is 78417937 a composite number?
True
Is 13069369 a prime number?
True
Is 419548417 a prime number?
True
Is 28606897 a prime number?
False
Is 1763822 a composite number?
True
Is 74253199 a composite number?
False
Is 16567027 composite?
True
Is 3490631 a composite number?
True
Is 61367543 a composite number?
True
Is 3340319 a composite number?
True
Is 15517423 prime?
False
Is 252941518 a composite number?
True
Is 93504193 a composite number?
False
Is 214686653 a composite number?
True
Is 833437 a composite number?
True
Is 38229361 a prime number?
True
Is 394635809 a prime number?
False
Is 379438931 a prime number?
True
Is 240697729 a composite number?
True
Is 3880729 prime?
True
Is 3795619 a prime number?
True
Is 190962523 a prime number?
False
Is 18809738 prime?
False
Is 6351541 a composite number?
True
Is 4433827 a prime number?
True
Is 4533439 a composite number?
False
Is 652402607 a prime number?
True
Is 3984571 a composite number?
True
Is 94196107 a prime number?
True
Is 7204237 prime?
False
Is 13166611 composite?
True
Is 6924767 composite?
True
Is 35344059 composite?
True
Is 347627435 a prime number?
False
Is 73609981 a prime number?
False
Is 62164637 prime?
False
Is 4864435 a composite number?
True
Is 36995039 prime?
False
Is 2435101 a composite number?
True
Is 36956747 a prime number?
False
Is 42175607 a composite number?
False
Is 4363603 prime?
False
Is 38432189 prime?
False
Is 9159739 composite?
False
Is 12805337 composite?
False
Is 6538669 composite?
False
Is 19998595 prime?
False
Is 313089263 prime?
False
Is 169502989 composite?
True
Is 878744063 a composite number?
False
Is 18616909 prime?
False
Is 155011 a prime number?
False
Is 71653859 a prime number?
False
Is 29953043 composite?
True
Is 11735714 a prime number?
False
Is 80574751 composite?
False
Is 51618209 a composite number?
False
Is 2187727 a composite number?
False
Is 29830417 composite?
False
Is 36853987 composite?
True
Is 19822751 a prime number?
False
Is 17818117 a prime number?
False
Is 2221217 composite?
False
Is 1120349 prime?
True
Is 181665751 a prime number?
False
Is 2774659 a prime number?
False
Is 6398981 prime?
True
Is 193093 composite?
False
Is 18177755 a prime number?
False
Is 7502223 prime?
False
Is 3328679 prime?
True
Is 102341 a prime number?
False
Is 7458863 prime?
False
Is 83150299 prime?
True
Is 276847079 prime?
False
Is 54581141 a prime number?
False
Is 6258983 a prime number?
False
Is 567277 a prime number?
True
Is 61110547 prime?
True
Is 176113961 a composite number?
False
Is 4743587 a composite number?
False
Is 220663 composite?
False
Is 791927251 a prime number?
False
Is 3232631 a prime number?
True
Is 44090777 a prime number?
True
Is 37226537 a prime number?
True
Is 2479129 a prime number?
True
Is 7967569 a composite number?
False
Is 729967 a prime number?
False
Is 26075321 prime?
False
Is 92499943 prime?
True
Is 51723569 prime?
True
Is 11192087 prime?
True
Is 4126153 prime?
False
Is 8841049 a composite number?
True
Is 67960819 prime?
False
Is 3507527 a prime number?
True
Is 1845209 composite?
False
Is 48421687 a prime number?
True
Is 192888637 a composite number?
False
Is 27510983 a composite number?
False
Is 2081947 composite?
True
Is 131870933 prime?
True
Is 43506373 prime?
True
Is 3604350055 composite?
True
Is 204719 prime?
True
Is 4304854 prime?
False
Is 31907013 a composite number?
True
Is 29698499 prime?
False
Is 40879343 a composite number?
True
Is 8324191 a composite number?
False
Is 70161191 a composite number?
False
Is 236309 a composite number?
True
Is 112905623 a prime number?
False
Is 52770451 a prime number?
False
Is 6433339 a composite number?
True
Is 79371121 prime?
False
Is 294898 composite?
True
Is 312527 composite?
False
Is 1122623 a composite number?
False
Is 7137583 a composite number?
False
Is 54951